{"id":435,"date":"2020-10-05T13:45:00","date_gmt":"2020-10-05T13:45:00","guid":{"rendered":"http:\/\/www.maluchuwieliny.pl\/?page_id=435"},"modified":"2020-10-05T14:39:31","modified_gmt":"2020-10-05T14:39:31","slug":"zabawy-jezykowe","status":"publish","type":"page","link":"http:\/\/www.maluchuwieliny.pl\/?page_id=435","title":{"rendered":"Zabawy j\u0119zykowe"},"content":{"rendered":"\t\t<div data-elementor-type=\"wp-page\" data-elementor-id=\"435\" class=\"elementor elementor-435\" data-elementor-settings=\"[]\">\n\t\t\t\t\t\t<div class=\"elementor-inner\">\n\t\t\t\t\t\t\t<div class=\"elementor-section-wrap\">\n\t\t\t\t\t\t\t<section class=\"elementor-section elementor-top-section elementor-element elementor-element-343ca9a elementor-section-boxed elementor-section-height-default elementor-section-height-default\" data-id=\"343ca9a\" data-element_type=\"section\">\n\t\t\t\t\t\t<div class=\"elementor-container elementor-column-gap-default\">\n\t\t\t\t\t\t\t<div class=\"elementor-row\">\n\t\t\t\t\t<div class=\"elementor-column elementor-col-100 elementor-top-column elementor-element elementor-element-df2aeed\" data-id=\"df2aeed\" data-element_type=\"column\">\n\t\t\t<div class=\"elementor-column-wrap elementor-element-populated\">\n\t\t\t\t\t\t\t<div class=\"elementor-widget-wrap\">\n\t\t\t\t\t\t<div class=\"elementor-element elementor-element-53d89f7 elementor-widget elementor-widget-heading\" data-id=\"53d89f7\" data-element_type=\"widget\" data-widget_type=\"heading.default\">\n\t\t\t\t<div class=\"elementor-widget-container\">\n\t\t\t<h2 class=\"elementor-heading-title elementor-size-default\">Zabawy j\u0119zykowe<\/h2>\t\t<\/div>\n\t\t\t\t<\/div>\n\t\t\t\t\t\t<\/div>\n\t\t\t\t\t<\/div>\n\t\t<\/div>\n\t\t\t\t\t\t\t\t<\/div>\n\t\t\t\t\t<\/div>\n\t\t<\/section>\n\t\t\t\t<section class=\"elementor-section elementor-top-section elementor-element elementor-element-142e193 elementor-section-boxed elementor-section-height-default elementor-section-height-default\" data-id=\"142e193\" data-element_type=\"section\">\n\t\t\t\t\t\t<div class=\"elementor-container elementor-column-gap-default\">\n\t\t\t\t\t\t\t<div class=\"elementor-row\">\n\t\t\t\t\t<div class=\"elementor-column elementor-col-100 elementor-top-column elementor-element elementor-element-66f2ca4\" data-id=\"66f2ca4\" data-element_type=\"column\">\n\t\t\t<div class=\"elementor-column-wrap elementor-element-populated\">\n\t\t\t\t\t\t\t<div class=\"elementor-widget-wrap\">\n\t\t\t\t\t\t<div class=\"elementor-element elementor-element-dac5b35 elementor-widget elementor-widget-text-editor\" data-id=\"dac5b35\" data-element_type=\"widget\" data-widget_type=\"text-editor.default\">\n\t\t\t\t<div class=\"elementor-widget-container\">\n\t\t\t\t\t<div class=\"elementor-text-editor elementor-clearfix\"><p style=\"font-family: 'Indie Flower';\"><span style=\"font-weight: bolder;\">Dzieci maj\u0105ce systematyczny kontakt z j\u0119zykiem obcym we wczesnym dzieci\u0144stwie (pomi\u0119dzy 1 a 6 rokiem \u017cycia) poznaj\u0105 ten j\u0119zyk jako drugi j\u0119zyk tak jak ojczysty.<\/span><\/p><p style=\"font-family: 'Indie Flower';\"><span style=\"font-weight: bolder;\">Zabawy z j\u0119zykiem angielskim w naszej grupie \u017c\u0142obkowej maja form\u0119 spotka\u0144, podczas kt\u00f3rych dzieci w naturalny spos\u00f3b os\u0142uchuj\u0105 si\u0119 z j\u0119zykiem. U\u017cywamy pojedynczych s\u0142\u00f3w, kr\u00f3tkich zwrot\u00f3w, piosenek popartych obrazami lub gestem i mimik\u0105.<\/span><\/p><p style=\"font-family: 'Indie Flower';\"><span style=\"text-decoration-line: underline;\"><span style=\"font-weight: bolder;\">W codziennych zabawach z j\u0119zykiem obcym:<\/span><\/span><\/p><ul style=\"font-family: 'Indie Flower';\"><li><span style=\"font-weight: bolder;\">nauk\u0119 rozpoczynamy od kr\u0119gu zainteresowa\u0144 dziecka (rodzina, zabawki, zwierz\u0119ta\u2026);<\/span><\/li><li><span style=\"font-weight: bolder;\">u\u017cywamy pomocy dydaktycznych (plansz, modeli, zabawek i prawdziwych przedmiot\u00f3w), kt\u00f3re wspomagaj\u0105 konkretne zapami\u0119tywanie;<\/span><\/li><li><span style=\"font-weight: bolder;\">wypowiedzi akcentujemy mimik\u0105 i gestem;<\/span><\/li><li><span style=\"font-weight: bolder;\">stosujemy cz\u0119ste (ch\u00f3ralne) powtarzanie \u2013 ma\u0142e dzieci zapami\u0119tuj\u0105 bardzo szybko, ale r\u00f3wnie szybko zapominaj\u0105;<\/span><\/li><li><span style=\"font-weight: bolder;\">wprowadzamy dynamik\u0119 \u2013 tempo zabaw i powt\u00f3rze\u0144 sk\u0142ania dzieci do aktywno\u015bci;<\/span><\/li><li><span style=\"font-weight: bolder;\">stosujemy metody wielozmys\u0142owe\u2013 im wi\u0119cej zmys\u0142\u00f3w jest zaanga\u017cowanych w poznawanie nowych rzeczy, wyraz\u00f3w i zwrot\u00f3w, tym wyra\u017aniejszy pozostaje \u015blad pami\u0119ciowy.<\/span><\/li><\/ul><\/div>\n\t\t\t\t<\/div>\n\t\t\t\t<\/div>\n\t\t\t\t\t\t<\/div>\n\t\t\t\t\t<\/div>\n\t\t<\/div>\n\t\t\t\t\t\t\t\t<\/div>\n\t\t\t\t\t<\/div>\n\t\t<\/section>\n\t\t\t\t\t\t<\/div>\n\t\t\t\t\t\t<\/div>\n\t\t\t\t\t<\/div>\n\t\t","protected":false},"excerpt":{"rendered":"<p>Zabawy j\u0119zykowe Dzieci maj\u0105ce systematyczny kontakt z j\u0119zykiem obcym we wczesnym dzieci\u0144stwie (pomi\u0119dzy 1 a 6 rokiem \u017cycia) poznaj\u0105 ten j\u0119zyk jako drugi j\u0119zyk tak jak ojczysty. Zabawy z j\u0119zykiem angielskim w naszej grupie \u017c\u0142obkowej maja form\u0119 spotka\u0144, podczas kt\u00f3rych dzieci w naturalny spos\u00f3b os\u0142uchuj\u0105 si\u0119 z j\u0119zykiem. U\u017cywamy pojedynczych s\u0142\u00f3w, kr\u00f3tkich zwrot\u00f3w, piosenek popartych [&hellip;]<\/p>\n","protected":false},"author":1,"featured_media":0,"parent":95,"menu_order":0,"comment_status":"closed","ping_status":"closed","template":"","meta":[],"_links":{"self":[{"href":"http:\/\/www.maluchuwieliny.pl\/index.php?rest_route=\/wp\/v2\/pages\/435"}],"collection":[{"href":"http:\/\/www.maluchuwieliny.pl\/index.php?rest_route=\/wp\/v2\/pages"}],"about":[{"href":"http:\/\/www.maluchuwieliny.pl\/index.php?rest_route=\/wp\/v2\/types\/page"}],"author":[{"embeddable":true,"href":"http:\/\/www.maluchuwieliny.pl\/index.php?rest_route=\/wp\/v2\/users\/1"}],"replies":[{"embeddable":true,"href":"http:\/\/www.maluchuwieliny.pl\/index.php?rest_route=%2Fwp%2Fv2%2Fcomments&post=435"}],"version-history":[{"count":3,"href":"http:\/\/www.maluchuwieliny.pl\/index.php?rest_route=\/wp\/v2\/pages\/435\/revisions"}],"predecessor-version":[{"id":456,"href":"http:\/\/www.maluchuwieliny.pl\/index.php?rest_route=\/wp\/v2\/pages\/435\/revisions\/456"}],"up":[{"embeddable":true,"href":"http:\/\/www.maluchuwieliny.pl\/index.php?rest_route=\/wp\/v2\/pages\/95"}],"wp:attachment":[{"href":"http:\/\/www.maluchuwieliny.pl\/index.php?rest_route=%2Fwp%2Fv2%2Fmedia&parent=435"}],"curies":[{"name":"wp","href":"https:\/\/api.w.org\/{rel}","templated":true}]}}