{"id":445,"date":"2020-10-05T13:49:26","date_gmt":"2020-10-05T13:49:26","guid":{"rendered":"http:\/\/www.maluchuwieliny.pl\/?page_id=445"},"modified":"2020-10-05T14:38:20","modified_gmt":"2020-10-05T14:38:20","slug":"gimnastyka","status":"publish","type":"page","link":"http:\/\/www.maluchuwieliny.pl\/?page_id=445","title":{"rendered":"Gimnastyka"},"content":{"rendered":"\t\t<div data-elementor-type=\"wp-page\" data-elementor-id=\"445\" class=\"elementor elementor-445\" data-elementor-settings=\"[]\">\n\t\t\t\t\t\t<div class=\"elementor-inner\">\n\t\t\t\t\t\t\t<div class=\"elementor-section-wrap\">\n\t\t\t\t\t\t\t<section class=\"elementor-section elementor-top-section elementor-element elementor-element-bd589b4 elementor-section-boxed elementor-section-height-default elementor-section-height-default\" data-id=\"bd589b4\" data-element_type=\"section\">\n\t\t\t\t\t\t<div class=\"elementor-container elementor-column-gap-default\">\n\t\t\t\t\t\t\t<div class=\"elementor-row\">\n\t\t\t\t\t<div class=\"elementor-column elementor-col-100 elementor-top-column elementor-element elementor-element-5406193\" data-id=\"5406193\" data-element_type=\"column\">\n\t\t\t<div class=\"elementor-column-wrap elementor-element-populated\">\n\t\t\t\t\t\t\t<div class=\"elementor-widget-wrap\">\n\t\t\t\t\t\t<div class=\"elementor-element elementor-element-e3f3041 elementor-widget elementor-widget-heading\" data-id=\"e3f3041\" data-element_type=\"widget\" data-widget_type=\"heading.default\">\n\t\t\t\t<div class=\"elementor-widget-container\">\n\t\t\t<h2 class=\"elementor-heading-title elementor-size-default\">Gimnastyka<\/h2>\t\t<\/div>\n\t\t\t\t<\/div>\n\t\t\t\t\t\t<\/div>\n\t\t\t\t\t<\/div>\n\t\t<\/div>\n\t\t\t\t\t\t\t\t<\/div>\n\t\t\t\t\t<\/div>\n\t\t<\/section>\n\t\t\t\t<section class=\"elementor-section elementor-top-section elementor-element elementor-element-2c535b3 elementor-section-boxed elementor-section-height-default elementor-section-height-default\" data-id=\"2c535b3\" data-element_type=\"section\">\n\t\t\t\t\t\t<div class=\"elementor-container elementor-column-gap-default\">\n\t\t\t\t\t\t\t<div class=\"elementor-row\">\n\t\t\t\t\t<div class=\"elementor-column elementor-col-100 elementor-top-column elementor-element elementor-element-a33442d\" data-id=\"a33442d\" data-element_type=\"column\">\n\t\t\t<div class=\"elementor-column-wrap elementor-element-populated\">\n\t\t\t\t\t\t\t<div class=\"elementor-widget-wrap\">\n\t\t\t\t\t\t<div class=\"elementor-element elementor-element-c1bf6c9 elementor-widget elementor-widget-text-editor\" data-id=\"c1bf6c9\" data-element_type=\"widget\" data-widget_type=\"text-editor.default\">\n\t\t\t\t<div class=\"elementor-widget-container\">\n\t\t\t\t\t<div class=\"elementor-text-editor elementor-clearfix\"><p><strong>To zbi\u00f3r \u0107wicze\u0144, kt\u00f3re s\u0105 wykonywane przez dzieci z ogromn\u0105 przyjemno\u015bci\u0105. Maj\u0105 na celu przede wszystkim zaspokoi\u0107 naturaln\u0105 potrzeb\u0119 ruchu dziecka. Na lepsze rozbudzenie, regeneracj\u0119, dotlenienie m\u00f3zgu, dzieci b\u0119d\u0105 wykonywa\u0107 r\u00f3\u017cne \u0107wiczenia gimnastyczne. Poza tym usprawnia\u0107 b\u0119d\u0105 du\u017c\u0105 motoryk\u0119 poprzez biegi, skoki, obroty, wymachy, sk\u0142ony, na\u015bladowanie zwierz\u0105t czy pojazd\u00f3w. Dodatkowo ka\u017cdy b\u0119dzie mia\u0142 czas na swobodne pl\u0105sy czy zabaw\u0119 przy weso\u0142ej muzyce. \u0106wiczenia zawieraj\u0105 elementy Ruchu Rozwijaj\u0105cego wg. Weroniki Sherborne oraz gimnastyki korekcyjnej.<\/strong><\/p><\/div>\n\t\t\t\t<\/div>\n\t\t\t\t<\/div>\n\t\t\t\t\t\t<\/div>\n\t\t\t\t\t<\/div>\n\t\t<\/div>\n\t\t\t\t\t\t\t\t<\/div>\n\t\t\t\t\t<\/div>\n\t\t<\/section>\n\t\t\t\t\t\t<\/div>\n\t\t\t\t\t\t<\/div>\n\t\t\t\t\t<\/div>\n\t\t","protected":false},"excerpt":{"rendered":"<p>Gimnastyka To zbi\u00f3r \u0107wicze\u0144, kt\u00f3re s\u0105 wykonywane przez dzieci z ogromn\u0105 przyjemno\u015bci\u0105. Maj\u0105 na celu przede wszystkim zaspokoi\u0107 naturaln\u0105 potrzeb\u0119 ruchu dziecka. Na lepsze rozbudzenie, regeneracj\u0119, dotlenienie m\u00f3zgu, dzieci b\u0119d\u0105 wykonywa\u0107 r\u00f3\u017cne \u0107wiczenia gimnastyczne. Poza tym usprawnia\u0107 b\u0119d\u0105 du\u017c\u0105 motoryk\u0119 poprzez biegi, skoki, obroty, wymachy, sk\u0142ony, na\u015bladowanie zwierz\u0105t czy pojazd\u00f3w. Dodatkowo ka\u017cdy b\u0119dzie mia\u0142 czas [&hellip;]<\/p>\n","protected":false},"author":1,"featured_media":0,"parent":95,"menu_order":0,"comment_status":"closed","ping_status":"closed","template":"","meta":[],"_links":{"self":[{"href":"http:\/\/www.maluchuwieliny.pl\/index.php?rest_route=\/wp\/v2\/pages\/445"}],"collection":[{"href":"http:\/\/www.maluchuwieliny.pl\/index.php?rest_route=\/wp\/v2\/pages"}],"about":[{"href":"http:\/\/www.maluchuwieliny.pl\/index.php?rest_route=\/wp\/v2\/types\/page"}],"author":[{"embeddable":true,"href":"http:\/\/www.maluchuwieliny.pl\/index.php?rest_route=\/wp\/v2\/users\/1"}],"replies":[{"embeddable":true,"href":"http:\/\/www.maluchuwieliny.pl\/index.php?rest_route=%2Fwp%2Fv2%2Fcomments&post=445"}],"version-history":[{"count":4,"href":"http:\/\/www.maluchuwieliny.pl\/index.php?rest_route=\/wp\/v2\/pages\/445\/revisions"}],"predecessor-version":[{"id":460,"href":"http:\/\/www.maluchuwieliny.pl\/index.php?rest_route=\/wp\/v2\/pages\/445\/revisions\/460"}],"up":[{"embeddable":true,"href":"http:\/\/www.maluchuwieliny.pl\/index.php?rest_route=\/wp\/v2\/pages\/95"}],"wp:attachment":[{"href":"http:\/\/www.maluchuwieliny.pl\/index.php?rest_route=%2Fwp%2Fv2%2Fmedia&parent=445"}],"curies":[{"name":"wp","href":"https:\/\/api.w.org\/{rel}","templated":true}]}}