{"id":491,"date":"2020-10-06T07:10:23","date_gmt":"2020-10-06T07:10:23","guid":{"rendered":"http:\/\/www.maluchuwieliny.pl\/?page_id=491"},"modified":"2020-10-06T07:10:59","modified_gmt":"2020-10-06T07:10:59","slug":"dziecieca-matematyka","status":"publish","type":"page","link":"http:\/\/www.maluchuwieliny.pl\/?page_id=491","title":{"rendered":"Dzieci\u0119ca matematyka"},"content":{"rendered":"\t\t<div data-elementor-type=\"wp-page\" data-elementor-id=\"491\" class=\"elementor elementor-491\" data-elementor-settings=\"[]\">\n\t\t\t\t\t\t<div class=\"elementor-inner\">\n\t\t\t\t\t\t\t<div class=\"elementor-section-wrap\">\n\t\t\t\t\t\t\t<section class=\"elementor-section elementor-top-section elementor-element elementor-element-d08c286 elementor-section-boxed elementor-section-height-default elementor-section-height-default\" data-id=\"d08c286\" data-element_type=\"section\">\n\t\t\t\t\t\t<div class=\"elementor-container elementor-column-gap-default\">\n\t\t\t\t\t\t\t<div class=\"elementor-row\">\n\t\t\t\t\t<div class=\"elementor-column elementor-col-100 elementor-top-column elementor-element elementor-element-f056667\" data-id=\"f056667\" data-element_type=\"column\">\n\t\t\t<div class=\"elementor-column-wrap elementor-element-populated\">\n\t\t\t\t\t\t\t<div class=\"elementor-widget-wrap\">\n\t\t\t\t\t\t<div class=\"elementor-element elementor-element-9df38d7 elementor-widget elementor-widget-heading\" data-id=\"9df38d7\" data-element_type=\"widget\" data-widget_type=\"heading.default\">\n\t\t\t\t<div class=\"elementor-widget-container\">\n\t\t\t<h2 class=\"elementor-heading-title elementor-size-default\">Dzieci\u0119ca matematyka<\/h2>\t\t<\/div>\n\t\t\t\t<\/div>\n\t\t\t\t\t\t<\/div>\n\t\t\t\t\t<\/div>\n\t\t<\/div>\n\t\t\t\t\t\t\t\t<\/div>\n\t\t\t\t\t<\/div>\n\t\t<\/section>\n\t\t\t\t<section class=\"elementor-section elementor-top-section elementor-element elementor-element-c88af34 elementor-section-boxed elementor-section-height-default elementor-section-height-default\" data-id=\"c88af34\" data-element_type=\"section\">\n\t\t\t\t\t\t<div class=\"elementor-container elementor-column-gap-default\">\n\t\t\t\t\t\t\t<div class=\"elementor-row\">\n\t\t\t\t\t<div class=\"elementor-column elementor-col-100 elementor-top-column elementor-element elementor-element-2e85d8f\" data-id=\"2e85d8f\" data-element_type=\"column\">\n\t\t\t<div class=\"elementor-column-wrap\">\n\t\t\t\t\t\t\t<div class=\"elementor-widget-wrap\">\n\t\t\t\t\t\t\t\t<\/div>\n\t\t\t\t\t<\/div>\n\t\t<\/div>\n\t\t\t\t\t\t\t\t<\/div>\n\t\t\t\t\t<\/div>\n\t\t<\/section>\n\t\t\t\t<section class=\"elementor-section elementor-top-section elementor-element elementor-element-b7dd25c elementor-section-boxed elementor-section-height-default elementor-section-height-default\" data-id=\"b7dd25c\" data-element_type=\"section\">\n\t\t\t\t\t\t<div class=\"elementor-container elementor-column-gap-default\">\n\t\t\t\t\t\t\t<div class=\"elementor-row\">\n\t\t\t\t\t<div class=\"elementor-column elementor-col-100 elementor-top-column elementor-element elementor-element-a0f890d\" data-id=\"a0f890d\" data-element_type=\"column\">\n\t\t\t<div class=\"elementor-column-wrap elementor-element-populated\">\n\t\t\t\t\t\t\t<div class=\"elementor-widget-wrap\">\n\t\t\t\t\t\t<div class=\"elementor-element elementor-element-d17a018 elementor-widget elementor-widget-text-editor\" data-id=\"d17a018\" data-element_type=\"widget\" data-widget_type=\"text-editor.default\">\n\t\t\t\t<div class=\"elementor-widget-container\">\n\t\t\t\t\t<div class=\"elementor-text-editor elementor-clearfix\"><p>To metoda, kt\u00f3rej celem jest wspomaganie rozwoju umys\u0142owego dziecka, zw\u0142aszcza w zakresie kszta\u0142towania poj\u0119\u0107 matematycznych. Najlepszym sposobem poznawania matematyki s\u0105 osobiste do\u015bwiadczenia dziecka, dlatego te\u017c dzieci powinny mie\u0107 mo\u017cliwo\u015b\u0107 samodzielnego dzia\u0142ania, czy te\u017c pod kierunkiem nauczyciela w trakcie zaj\u0119\u0107 dydaktycznych takimi zabawkami (\u015brodkami dydaktycznymi) jak:<\/p><ul><li>patyczki<\/li><li>liczbowe domina<\/li><li>zegary<\/li><li>gry planszowe<\/li><li>klocki (r\u00f3\u017cne kszta\u0142ty, kolory, wielko\u015bci)<\/li><li>puzzle<\/li><li>inne (kolorowe guziki, nasiona, kasztany, klamerki itp.)<\/li><\/ul><\/div>\n\t\t\t\t<\/div>\n\t\t\t\t<\/div>\n\t\t\t\t\t\t<\/div>\n\t\t\t\t\t<\/div>\n\t\t<\/div>\n\t\t\t\t\t\t\t\t<\/div>\n\t\t\t\t\t<\/div>\n\t\t<\/section>\n\t\t\t\t\t\t<\/div>\n\t\t\t\t\t\t<\/div>\n\t\t\t\t\t<\/div>\n\t\t","protected":false},"excerpt":{"rendered":"<p>Dzieci\u0119ca matematyka To metoda, kt\u00f3rej celem jest wspomaganie rozwoju umys\u0142owego dziecka, zw\u0142aszcza w zakresie kszta\u0142towania poj\u0119\u0107 matematycznych. Najlepszym sposobem poznawania matematyki s\u0105 osobiste do\u015bwiadczenia dziecka, dlatego te\u017c dzieci powinny mie\u0107 mo\u017cliwo\u015b\u0107 samodzielnego dzia\u0142ania, czy te\u017c pod kierunkiem nauczyciela w trakcie zaj\u0119\u0107 dydaktycznych takimi zabawkami (\u015brodkami dydaktycznymi) jak: patyczki liczbowe domina zegary gry planszowe klocki (r\u00f3\u017cne [&hellip;]<\/p>\n","protected":false},"author":1,"featured_media":0,"parent":0,"menu_order":0,"comment_status":"closed","ping_status":"closed","template":"","meta":[],"_links":{"self":[{"href":"http:\/\/www.maluchuwieliny.pl\/index.php?rest_route=\/wp\/v2\/pages\/491"}],"collection":[{"href":"http:\/\/www.maluchuwieliny.pl\/index.php?rest_route=\/wp\/v2\/pages"}],"about":[{"href":"http:\/\/www.maluchuwieliny.pl\/index.php?rest_route=\/wp\/v2\/types\/page"}],"author":[{"embeddable":true,"href":"http:\/\/www.maluchuwieliny.pl\/index.php?rest_route=\/wp\/v2\/users\/1"}],"replies":[{"embeddable":true,"href":"http:\/\/www.maluchuwieliny.pl\/index.php?rest_route=%2Fwp%2Fv2%2Fcomments&post=491"}],"version-history":[{"count":2,"href":"http:\/\/www.maluchuwieliny.pl\/index.php?rest_route=\/wp\/v2\/pages\/491\/revisions"}],"predecessor-version":[{"id":494,"href":"http:\/\/www.maluchuwieliny.pl\/index.php?rest_route=\/wp\/v2\/pages\/491\/revisions\/494"}],"wp:attachment":[{"href":"http:\/\/www.maluchuwieliny.pl\/index.php?rest_route=%2Fwp%2Fv2%2Fmedia&parent=491"}],"curies":[{"name":"wp","href":"https:\/\/api.w.org\/{rel}","templated":true}]}}