{"id":495,"date":"2020-10-06T07:11:19","date_gmt":"2020-10-06T07:11:19","guid":{"rendered":"http:\/\/www.maluchuwieliny.pl\/?page_id=495"},"modified":"2020-10-06T07:11:49","modified_gmt":"2020-10-06T07:11:49","slug":"metoda-dobrego-startu","status":"publish","type":"page","link":"http:\/\/www.maluchuwieliny.pl\/?page_id=495","title":{"rendered":"Metoda Dobrego Startu"},"content":{"rendered":"\t\t<div data-elementor-type=\"wp-page\" data-elementor-id=\"495\" class=\"elementor elementor-495\" data-elementor-settings=\"[]\">\n\t\t\t\t\t\t<div class=\"elementor-inner\">\n\t\t\t\t\t\t\t<div class=\"elementor-section-wrap\">\n\t\t\t\t\t\t\t<section class=\"elementor-section elementor-top-section elementor-element elementor-element-1d827e4 elementor-section-boxed elementor-section-height-default elementor-section-height-default\" data-id=\"1d827e4\" data-element_type=\"section\">\n\t\t\t\t\t\t<div class=\"elementor-container elementor-column-gap-default\">\n\t\t\t\t\t\t\t<div class=\"elementor-row\">\n\t\t\t\t\t<div class=\"elementor-column elementor-col-100 elementor-top-column elementor-element elementor-element-a8328c1\" data-id=\"a8328c1\" data-element_type=\"column\">\n\t\t\t<div class=\"elementor-column-wrap elementor-element-populated\">\n\t\t\t\t\t\t\t<div class=\"elementor-widget-wrap\">\n\t\t\t\t\t\t<div class=\"elementor-element elementor-element-867c5a6 elementor-widget elementor-widget-heading\" data-id=\"867c5a6\" data-element_type=\"widget\" data-widget_type=\"heading.default\">\n\t\t\t\t<div class=\"elementor-widget-container\">\n\t\t\t<h2 class=\"elementor-heading-title elementor-size-default\">Metoda Dobrego Startu <\/h2>\t\t<\/div>\n\t\t\t\t<\/div>\n\t\t\t\t\t\t<\/div>\n\t\t\t\t\t<\/div>\n\t\t<\/div>\n\t\t\t\t\t\t\t\t<\/div>\n\t\t\t\t\t<\/div>\n\t\t<\/section>\n\t\t\t\t<section class=\"elementor-section elementor-top-section elementor-element elementor-element-636a2a9 elementor-section-boxed elementor-section-height-default elementor-section-height-default\" data-id=\"636a2a9\" data-element_type=\"section\">\n\t\t\t\t\t\t<div class=\"elementor-container elementor-column-gap-default\">\n\t\t\t\t\t\t\t<div class=\"elementor-row\">\n\t\t\t\t\t<div class=\"elementor-column elementor-col-100 elementor-top-column elementor-element elementor-element-290b459\" data-id=\"290b459\" data-element_type=\"column\">\n\t\t\t<div class=\"elementor-column-wrap elementor-element-populated\">\n\t\t\t\t\t\t\t<div class=\"elementor-widget-wrap\">\n\t\t\t\t\t\t<div class=\"elementor-element elementor-element-135dc0b elementor-widget elementor-widget-text-editor\" data-id=\"135dc0b\" data-element_type=\"widget\" data-widget_type=\"text-editor.default\">\n\t\t\t\t<div class=\"elementor-widget-container\">\n\t\t\t\t\t<div class=\"elementor-text-editor elementor-clearfix\"><p>Metoda autorstwa profesor Marty Bogdanowicz, wspiera harmonijny rozw\u00f3j psychomotoryczny dziecka oraz\u00a0przygotowuje do\u00a0nauki czytania i\u00a0pisania.<\/p><p><strong>\u00a0<\/strong><\/p><p>W swoim\u00a0za\u0142o\u017ceniu \u0142\u0105czy:<\/p><ul><li>s\u0142uch (prac\u0119 z\u00a0piosenk\u0105),<\/li><li>ruch (zaj\u0119cia ruchowe),<\/li><li>wzrok (analiz\u0119 wzor\u00f3w),<\/li><li>dotyk (wodzenie palcem po\u00a0\u015bladzie),<\/li><li>sprawno\u015b\u0107 manualn\u0105 (kre\u015blenie wzor\u00f3w).<\/li><\/ul><p>\u00a0<\/p><p>Jej celem jest usprawnienie i\u00a0integracja system\u00f3w: s\u0142uchowego, wzrokowego, kinestetyczno-ruchowego, kszta\u0142cenie lateralizacji, orientacji w\u00a0schemacie cia\u0142a i\u00a0przestrzeni. Metoda wspiera harmonijny rozw\u00f3j psychomotoryczny dziecka oraz\u00a0przygotowuje do\u00a0nauki czytania i\u00a0pisania.<\/p><p><strong>\u00a0<\/strong><\/p><\/div>\n\t\t\t\t<\/div>\n\t\t\t\t<\/div>\n\t\t\t\t\t\t<\/div>\n\t\t\t\t\t<\/div>\n\t\t<\/div>\n\t\t\t\t\t\t\t\t<\/div>\n\t\t\t\t\t<\/div>\n\t\t<\/section>\n\t\t\t\t\t\t<\/div>\n\t\t\t\t\t\t<\/div>\n\t\t\t\t\t<\/div>\n\t\t","protected":false},"excerpt":{"rendered":"<p>Metoda Dobrego Startu Metoda autorstwa profesor Marty Bogdanowicz, wspiera harmonijny rozw\u00f3j psychomotoryczny dziecka oraz\u00a0przygotowuje do\u00a0nauki czytania i\u00a0pisania. \u00a0 W swoim\u00a0za\u0142o\u017ceniu \u0142\u0105czy: s\u0142uch (prac\u0119 z\u00a0piosenk\u0105), ruch (zaj\u0119cia ruchowe), wzrok (analiz\u0119 wzor\u00f3w), dotyk (wodzenie palcem po\u00a0\u015bladzie), sprawno\u015b\u0107 manualn\u0105 (kre\u015blenie wzor\u00f3w). \u00a0 Jej celem jest usprawnienie i\u00a0integracja system\u00f3w: s\u0142uchowego, wzrokowego, kinestetyczno-ruchowego, kszta\u0142cenie lateralizacji, orientacji w\u00a0schemacie cia\u0142a i\u00a0przestrzeni. Metoda [&hellip;]<\/p>\n","protected":false},"author":1,"featured_media":0,"parent":0,"menu_order":0,"comment_status":"closed","ping_status":"closed","template":"","meta":[],"_links":{"self":[{"href":"http:\/\/www.maluchuwieliny.pl\/index.php?rest_route=\/wp\/v2\/pages\/495"}],"collection":[{"href":"http:\/\/www.maluchuwieliny.pl\/index.php?rest_route=\/wp\/v2\/pages"}],"about":[{"href":"http:\/\/www.maluchuwieliny.pl\/index.php?rest_route=\/wp\/v2\/types\/page"}],"author":[{"embeddable":true,"href":"http:\/\/www.maluchuwieliny.pl\/index.php?rest_route=\/wp\/v2\/users\/1"}],"replies":[{"embeddable":true,"href":"http:\/\/www.maluchuwieliny.pl\/index.php?rest_route=%2Fwp%2Fv2%2Fcomments&post=495"}],"version-history":[{"count":2,"href":"http:\/\/www.maluchuwieliny.pl\/index.php?rest_route=\/wp\/v2\/pages\/495\/revisions"}],"predecessor-version":[{"id":498,"href":"http:\/\/www.maluchuwieliny.pl\/index.php?rest_route=\/wp\/v2\/pages\/495\/revisions\/498"}],"wp:attachment":[{"href":"http:\/\/www.maluchuwieliny.pl\/index.php?rest_route=%2Fwp%2Fv2%2Fmedia&parent=495"}],"curies":[{"name":"wp","href":"https:\/\/api.w.org\/{rel}","templated":true}]}}