{"id":499,"date":"2020-10-06T07:12:17","date_gmt":"2020-10-06T07:12:17","guid":{"rendered":"http:\/\/www.maluchuwieliny.pl\/?page_id=499"},"modified":"2020-10-06T07:12:43","modified_gmt":"2020-10-06T07:12:43","slug":"glottodydaktyka","status":"publish","type":"page","link":"http:\/\/www.maluchuwieliny.pl\/?page_id=499","title":{"rendered":"Glottodydaktyka"},"content":{"rendered":"\t\t<div data-elementor-type=\"wp-page\" data-elementor-id=\"499\" class=\"elementor elementor-499\" data-elementor-settings=\"[]\">\n\t\t\t\t\t\t<div class=\"elementor-inner\">\n\t\t\t\t\t\t\t<div class=\"elementor-section-wrap\">\n\t\t\t\t\t\t\t<section class=\"elementor-section elementor-top-section elementor-element elementor-element-81cf074 elementor-section-boxed elementor-section-height-default elementor-section-height-default\" data-id=\"81cf074\" data-element_type=\"section\">\n\t\t\t\t\t\t<div class=\"elementor-container elementor-column-gap-default\">\n\t\t\t\t\t\t\t<div class=\"elementor-row\">\n\t\t\t\t\t<div class=\"elementor-column elementor-col-100 elementor-top-column elementor-element elementor-element-a5e4c30\" data-id=\"a5e4c30\" data-element_type=\"column\">\n\t\t\t<div class=\"elementor-column-wrap elementor-element-populated\">\n\t\t\t\t\t\t\t<div class=\"elementor-widget-wrap\">\n\t\t\t\t\t\t<div class=\"elementor-element elementor-element-941ea96 elementor-widget elementor-widget-heading\" data-id=\"941ea96\" data-element_type=\"widget\" data-widget_type=\"heading.default\">\n\t\t\t\t<div class=\"elementor-widget-container\">\n\t\t\t<h2 class=\"elementor-heading-title elementor-size-default\">Glottodydaktyka<\/h2>\t\t<\/div>\n\t\t\t\t<\/div>\n\t\t\t\t\t\t<\/div>\n\t\t\t\t\t<\/div>\n\t\t<\/div>\n\t\t\t\t\t\t\t\t<\/div>\n\t\t\t\t\t<\/div>\n\t\t<\/section>\n\t\t\t\t<section class=\"elementor-section elementor-top-section elementor-element elementor-element-34b28c0 elementor-section-boxed elementor-section-height-default elementor-section-height-default\" data-id=\"34b28c0\" data-element_type=\"section\">\n\t\t\t\t\t\t<div class=\"elementor-container elementor-column-gap-default\">\n\t\t\t\t\t\t\t<div class=\"elementor-row\">\n\t\t\t\t\t<div class=\"elementor-column elementor-col-100 elementor-top-column elementor-element elementor-element-110f296\" data-id=\"110f296\" data-element_type=\"column\">\n\t\t\t<div class=\"elementor-column-wrap elementor-element-populated\">\n\t\t\t\t\t\t\t<div class=\"elementor-widget-wrap\">\n\t\t\t\t\t\t<div class=\"elementor-element elementor-element-72455ca elementor-widget elementor-widget-text-editor\" data-id=\"72455ca\" data-element_type=\"widget\" data-widget_type=\"text-editor.default\">\n\t\t\t\t<div class=\"elementor-widget-container\">\n\t\t\t\t\t<div class=\"elementor-text-editor elementor-clearfix\"><p>Glottodydaktyka to spos\u00f3b przygotowania do nauki czytania i pisania. Z chwil\u0105 rozpocz\u0119cia przez dziecko edukacji przedszkolnej zwraca si\u0119 szczeg\u00f3ln\u0105 uwag\u0119 na prawid\u0142owy rozw\u00f3j narz\u0105d\u00f3w mowy, poprzez stosowanie r\u00f3\u017cnorodnych \u0107wicze\u0144 i zabaw. Naturalne zainteresowanie pismem pojawia si\u0119 u dzieci ju\u017c w drugim roku \u017cycia, a zatem wykorzystuj\u0105c naturalny potencja\u0142 dziecka, mo\u017cemy swobodnie rozpocz\u0105\u0107 zabaw\u0119 literkami ju\u017c na prze\u0142omie drugiego i trzeciego roku \u017cycia. Sta\u0142y kontakt z literami bardzo szybko doprowadza do prawid\u0142owego rozpoznawania i nazywania liter. Do czytania przechodzi si\u0119 dopiero wtedy, gdy dzieci opanuj\u0105 umiej\u0119tno\u015b\u0107 sk\u0142adania wyraz\u00f3w z g\u0142osek i bez trudu rozpoznaj\u0105 litery. R\u00f3wnolegle z przygotowaniem do czytania prowadzi si\u0119 przygotowanie do pisania.<\/p><p>\u00a0<\/p><\/div>\n\t\t\t\t<\/div>\n\t\t\t\t<\/div>\n\t\t\t\t\t\t<\/div>\n\t\t\t\t\t<\/div>\n\t\t<\/div>\n\t\t\t\t\t\t\t\t<\/div>\n\t\t\t\t\t<\/div>\n\t\t<\/section>\n\t\t\t\t\t\t<\/div>\n\t\t\t\t\t\t<\/div>\n\t\t\t\t\t<\/div>\n\t\t","protected":false},"excerpt":{"rendered":"<p>Glottodydaktyka Glottodydaktyka to spos\u00f3b przygotowania do nauki czytania i pisania. Z chwil\u0105 rozpocz\u0119cia przez dziecko edukacji przedszkolnej zwraca si\u0119 szczeg\u00f3ln\u0105 uwag\u0119 na prawid\u0142owy rozw\u00f3j narz\u0105d\u00f3w mowy, poprzez stosowanie r\u00f3\u017cnorodnych \u0107wicze\u0144 i zabaw. Naturalne zainteresowanie pismem pojawia si\u0119 u dzieci ju\u017c w drugim roku \u017cycia, a zatem wykorzystuj\u0105c naturalny potencja\u0142 dziecka, mo\u017cemy swobodnie rozpocz\u0105\u0107 zabaw\u0119 literkami [&hellip;]<\/p>\n","protected":false},"author":1,"featured_media":0,"parent":0,"menu_order":0,"comment_status":"closed","ping_status":"closed","template":"","meta":[],"_links":{"self":[{"href":"http:\/\/www.maluchuwieliny.pl\/index.php?rest_route=\/wp\/v2\/pages\/499"}],"collection":[{"href":"http:\/\/www.maluchuwieliny.pl\/index.php?rest_route=\/wp\/v2\/pages"}],"about":[{"href":"http:\/\/www.maluchuwieliny.pl\/index.php?rest_route=\/wp\/v2\/types\/page"}],"author":[{"embeddable":true,"href":"http:\/\/www.maluchuwieliny.pl\/index.php?rest_route=\/wp\/v2\/users\/1"}],"replies":[{"embeddable":true,"href":"http:\/\/www.maluchuwieliny.pl\/index.php?rest_route=%2Fwp%2Fv2%2Fcomments&post=499"}],"version-history":[{"count":2,"href":"http:\/\/www.maluchuwieliny.pl\/index.php?rest_route=\/wp\/v2\/pages\/499\/revisions"}],"predecessor-version":[{"id":502,"href":"http:\/\/www.maluchuwieliny.pl\/index.php?rest_route=\/wp\/v2\/pages\/499\/revisions\/502"}],"wp:attachment":[{"href":"http:\/\/www.maluchuwieliny.pl\/index.php?rest_route=%2Fwp%2Fv2%2Fmedia&parent=499"}],"curies":[{"name":"wp","href":"https:\/\/api.w.org\/{rel}","templated":true}]}}