{"id":109,"date":"2020-10-01T18:15:08","date_gmt":"2020-10-01T18:15:08","guid":{"rendered":"http:\/\/www.maluchuwieliny.pl\/?page_id=109"},"modified":"2024-07-26T12:46:51","modified_gmt":"2024-07-26T12:46:51","slug":"organizacja","status":"publish","type":"page","link":"https:\/\/www.maluchuwieliny.pl\/?page_id=109","title":{"rendered":"ORGANIZACJA"},"content":{"rendered":"\t\t<div data-elementor-type=\"wp-page\" data-elementor-id=\"109\" class=\"elementor elementor-109\" data-elementor-settings=\"[]\">\n\t\t\t\t\t\t<div class=\"elementor-inner\">\n\t\t\t\t\t\t\t<div class=\"elementor-section-wrap\">\n\t\t\t\t\t\t\t<section class=\"elementor-section elementor-top-section elementor-element elementor-element-6a21f7b elementor-section-boxed elementor-section-height-default elementor-section-height-default\" data-id=\"6a21f7b\" data-element_type=\"section\">\n\t\t\t\t\t\t<div class=\"elementor-container elementor-column-gap-default\">\n\t\t\t\t\t\t\t<div class=\"elementor-row\">\n\t\t\t\t\t<div class=\"elementor-column elementor-col-100 elementor-top-column elementor-element elementor-element-2f717ca\" data-id=\"2f717ca\" data-element_type=\"column\">\n\t\t\t<div class=\"elementor-column-wrap elementor-element-populated\">\n\t\t\t\t\t\t\t<div class=\"elementor-widget-wrap\">\n\t\t\t\t\t\t<section class=\"elementor-section elementor-inner-section elementor-element elementor-element-0413028 elementor-section-boxed elementor-section-height-default elementor-section-height-default\" data-id=\"0413028\" data-element_type=\"section\">\n\t\t\t\t\t\t<div class=\"elementor-container elementor-column-gap-default\">\n\t\t\t\t\t\t\t<div class=\"elementor-row\">\n\t\t\t\t\t<div class=\"elementor-column elementor-col-50 elementor-inner-column elementor-element elementor-element-44ccdcd\" data-id=\"44ccdcd\" data-element_type=\"column\">\n\t\t\t<div class=\"elementor-column-wrap elementor-element-populated\">\n\t\t\t\t\t\t\t<div class=\"elementor-widget-wrap\">\n\t\t\t\t\t\t<div class=\"elementor-element elementor-element-cf7f6a9 elementor-widget elementor-widget-heading\" data-id=\"cf7f6a9\" data-element_type=\"widget\" data-widget_type=\"heading.default\">\n\t\t\t\t<div class=\"elementor-widget-container\">\n\t\t\t<h2 class=\"elementor-heading-title elementor-size-default\">Organizacja<\/h2>\t\t<\/div>\n\t\t\t\t<\/div>\n\t\t\t\t\t\t<\/div>\n\t\t\t\t\t<\/div>\n\t\t<\/div>\n\t\t\t\t<div class=\"elementor-column elementor-col-50 elementor-inner-column elementor-element elementor-element-c608f10\" data-id=\"c608f10\" data-element_type=\"column\">\n\t\t\t<div class=\"elementor-column-wrap elementor-element-populated\">\n\t\t\t\t\t\t\t<div class=\"elementor-widget-wrap\">\n\t\t\t\t\t\t<div class=\"elementor-element elementor-element-81cc331 elementor-widget elementor-widget-image\" data-id=\"81cc331\" data-element_type=\"widget\" data-widget_type=\"image.default\">\n\t\t\t\t<div class=\"elementor-widget-container\">\n\t\t\t\t\t<div class=\"elementor-image\">\n\t\t\t\t\t\t\t\t\t\t<img width=\"640\" height=\"256\" src=\"https:\/\/www.maluchuwieliny.pl\/wp-content\/uploads\/2020\/10\/classes-title-1-1024x409.jpg\" class=\"attachment-large size-large\" alt=\"\" loading=\"lazy\" srcset=\"https:\/\/www.maluchuwieliny.pl\/wp-content\/uploads\/2020\/10\/classes-title-1-1024x409.jpg 1024w, https:\/\/www.maluchuwieliny.pl\/wp-content\/uploads\/2020\/10\/classes-title-1-300x120.jpg 300w, https:\/\/www.maluchuwieliny.pl\/wp-content\/uploads\/2020\/10\/classes-title-1-768x307.jpg 768w, https:\/\/www.maluchuwieliny.pl\/wp-content\/uploads\/2020\/10\/classes-title-1-1536x614.jpg 1536w, https:\/\/www.maluchuwieliny.pl\/wp-content\/uploads\/2020\/10\/classes-title-1.jpg 1920w\" sizes=\"(max-width: 640px) 100vw, 640px\" \/>\t\t\t\t\t\t\t\t\t\t\t<\/div>\n\t\t\t\t<\/div>\n\t\t\t\t<\/div>\n\t\t\t\t\t\t<\/div>\n\t\t\t\t\t<\/div>\n\t\t<\/div>\n\t\t\t\t\t\t\t\t<\/div>\n\t\t\t\t\t<\/div>\n\t\t<\/section>\n\t\t\t\t\t\t<\/div>\n\t\t\t\t\t<\/div>\n\t\t<\/div>\n\t\t\t\t\t\t\t\t<\/div>\n\t\t\t\t\t<\/div>\n\t\t<\/section>\n\t\t\t\t<section class=\"elementor-section elementor-top-section elementor-element elementor-element-6ce8bcc elementor-section-boxed elementor-section-height-default elementor-section-height-default\" data-id=\"6ce8bcc\" data-element_type=\"section\">\n\t\t\t\t\t\t<div class=\"elementor-container elementor-column-gap-default\">\n\t\t\t\t\t\t\t<div class=\"elementor-row\">\n\t\t\t\t\t<div class=\"elementor-column elementor-col-100 elementor-top-column elementor-element elementor-element-5eab95f\" data-id=\"5eab95f\" data-element_type=\"column\">\n\t\t\t<div class=\"elementor-column-wrap elementor-element-populated\">\n\t\t\t\t\t\t\t<div class=\"elementor-widget-wrap\">\n\t\t\t\t\t\t<div class=\"elementor-element elementor-element-5751b2c elementor-widget elementor-widget-text-editor\" data-id=\"5751b2c\" data-element_type=\"widget\" data-widget_type=\"text-editor.default\">\n\t\t\t\t<div class=\"elementor-widget-container\">\n\t\t\t\t\t<div class=\"elementor-text-editor elementor-clearfix\"><p><b>Przedszkole czynne jest od godziny 7 do 17 w dni powszednie od poniedzia\u0142ku do pi\u0105tku, z wy\u0142\u0105czeniem dni ustawowo wolnych, oraz dni ustalonych przez organ prowadz\u0105cy, podanych do wiadomo\u015bci rodzic\u00f3w na pocz\u0105tku ka\u017cdego roku szkolnego.<\/b><\/p><p><b>Dzieci w ci\u0105gu dnia sp\u0119dzaj\u0105 czas w grupach zar\u00f3wno podzielonych pod wzgl\u0119dem wieku, jak i \u0142\u0105czonych, kt\u00f3re imituj\u0105 naturalne sytuacje w rodzinie gdzie bawi\u0105 si\u0119 i ucz\u0105 dzieci w r\u00f3\u017cnym wieku. Dzieci m\u0142odsze ucz\u0105 si\u0119 szybko od dzieci starszych, a te wchodz\u0105c w role nauczycieli, mog\u0105 lepiej si\u0119 rozwija\u0107 ucz\u0105c si\u0119 przy tym odpowiedzialno\u015bci i cierpliwo\u015bci. Do dyspozycji s\u0105 3 sale zaj\u0119ciowe maksymalnie do 25 dzieci w najstarszej grupie. Z ka\u017cdej sali jest bezpo\u015brednie wej\u015bcie do \u0142azienki odpowiednio zaaran\u017cowanej do potrzeb najm\u0142odszych.<\/b><\/p><\/div>\n\t\t\t\t<\/div>\n\t\t\t\t<\/div>\n\t\t\t\t\t\t<\/div>\n\t\t\t\t\t<\/div>\n\t\t<\/div>\n\t\t\t\t\t\t\t\t<\/div>\n\t\t\t\t\t<\/div>\n\t\t<\/section>\n\t\t\t\t\t\t<\/div>\n\t\t\t\t\t\t<\/div>\n\t\t\t\t\t<\/div>\n\t\t","protected":false},"excerpt":{"rendered":"<p>Organizacja Przedszkole czynne jest od godziny 7 do 17 w dni powszednie od poniedzia\u0142ku do pi\u0105tku, z wy\u0142\u0105czeniem dni ustawowo wolnych, oraz dni ustalonych przez organ prowadz\u0105cy, podanych do wiadomo\u015bci rodzic\u00f3w na pocz\u0105tku ka\u017cdego roku szkolnego. Dzieci w ci\u0105gu dnia sp\u0119dzaj\u0105 czas w grupach zar\u00f3wno podzielonych pod wzgl\u0119dem wieku, jak i \u0142\u0105czonych, kt\u00f3re imituj\u0105 naturalne [&hellip;]<\/p>\n","protected":false},"author":1,"featured_media":0,"parent":106,"menu_order":0,"comment_status":"closed","ping_status":"closed","template":"","meta":[],"_links":{"self":[{"href":"https:\/\/www.maluchuwieliny.pl\/index.php?rest_route=\/wp\/v2\/pages\/109"}],"collection":[{"href":"https:\/\/www.maluchuwieliny.pl\/index.php?rest_route=\/wp\/v2\/pages"}],"about":[{"href":"https:\/\/www.maluchuwieliny.pl\/index.php?rest_route=\/wp\/v2\/types\/page"}],"author":[{"embeddable":true,"href":"https:\/\/www.maluchuwieliny.pl\/index.php?rest_route=\/wp\/v2\/users\/1"}],"replies":[{"embeddable":true,"href":"https:\/\/www.maluchuwieliny.pl\/index.php?rest_route=%2Fwp%2Fv2%2Fcomments&post=109"}],"version-history":[{"count":4,"href":"https:\/\/www.maluchuwieliny.pl\/index.php?rest_route=\/wp\/v2\/pages\/109\/revisions"}],"predecessor-version":[{"id":598,"href":"https:\/\/www.maluchuwieliny.pl\/index.php?rest_route=\/wp\/v2\/pages\/109\/revisions\/598"}],"up":[{"embeddable":true,"href":"https:\/\/www.maluchuwieliny.pl\/index.php?rest_route=\/wp\/v2\/pages\/106"}],"wp:attachment":[{"href":"https:\/\/www.maluchuwieliny.pl\/index.php?rest_route=%2Fwp%2Fv2%2Fmedia&parent=109"}],"curies":[{"name":"wp","href":"https:\/\/api.w.org\/{rel}","templated":true}]}}