{"id":115,"date":"2020-10-01T18:15:35","date_gmt":"2020-10-01T18:15:35","guid":{"rendered":"http:\/\/www.maluchuwieliny.pl\/?page_id=115"},"modified":"2024-07-26T13:50:24","modified_gmt":"2024-07-26T13:50:24","slug":"plan-dnia","status":"publish","type":"page","link":"https:\/\/www.maluchuwieliny.pl\/?page_id=115","title":{"rendered":"PLAN DNIA"},"content":{"rendered":"\t\t<div data-elementor-type=\"wp-page\" data-elementor-id=\"115\" class=\"elementor elementor-115\" data-elementor-settings=\"[]\">\n\t\t\t\t\t\t<div class=\"elementor-inner\">\n\t\t\t\t\t\t\t<div class=\"elementor-section-wrap\">\n\t\t\t\t\t\t\t<section class=\"elementor-section elementor-top-section elementor-element elementor-element-b66c643 elementor-section-boxed elementor-section-height-default elementor-section-height-default\" data-id=\"b66c643\" data-element_type=\"section\">\n\t\t\t\t\t\t<div class=\"elementor-container elementor-column-gap-default\">\n\t\t\t\t\t\t\t<div class=\"elementor-row\">\n\t\t\t\t\t<div class=\"elementor-column elementor-col-100 elementor-top-column elementor-element elementor-element-c0a6a55\" data-id=\"c0a6a55\" data-element_type=\"column\">\n\t\t\t<div class=\"elementor-column-wrap elementor-element-populated\">\n\t\t\t\t\t\t\t<div class=\"elementor-widget-wrap\">\n\t\t\t\t\t\t<section class=\"elementor-section elementor-inner-section elementor-element elementor-element-9f7eadd elementor-section-boxed elementor-section-height-default elementor-section-height-default\" data-id=\"9f7eadd\" data-element_type=\"section\">\n\t\t\t\t\t\t<div class=\"elementor-container elementor-column-gap-default\">\n\t\t\t\t\t\t\t<div class=\"elementor-row\">\n\t\t\t\t\t<div class=\"elementor-column elementor-col-50 elementor-inner-column elementor-element elementor-element-edddbd6\" data-id=\"edddbd6\" data-element_type=\"column\">\n\t\t\t<div class=\"elementor-column-wrap elementor-element-populated\">\n\t\t\t\t\t\t\t<div class=\"elementor-widget-wrap\">\n\t\t\t\t\t\t<div class=\"elementor-element elementor-element-5557f94 elementor-widget elementor-widget-heading\" data-id=\"5557f94\" data-element_type=\"widget\" data-widget_type=\"heading.default\">\n\t\t\t\t<div class=\"elementor-widget-container\">\n\t\t\t<h2 class=\"elementor-heading-title elementor-size-default\">Plan dnia<\/h2>\t\t<\/div>\n\t\t\t\t<\/div>\n\t\t\t\t\t\t<\/div>\n\t\t\t\t\t<\/div>\n\t\t<\/div>\n\t\t\t\t<div class=\"elementor-column elementor-col-50 elementor-inner-column elementor-element elementor-element-1cbc64d\" data-id=\"1cbc64d\" data-element_type=\"column\">\n\t\t\t<div class=\"elementor-column-wrap elementor-element-populated\">\n\t\t\t\t\t\t\t<div class=\"elementor-widget-wrap\">\n\t\t\t\t\t\t<div class=\"elementor-element elementor-element-5f610e2 elementor-widget elementor-widget-image\" data-id=\"5f610e2\" data-element_type=\"widget\" data-widget_type=\"image.default\">\n\t\t\t\t<div class=\"elementor-widget-container\">\n\t\t\t\t\t<div class=\"elementor-image\">\n\t\t\t\t\t\t\t\t\t\t<img width=\"640\" height=\"427\" src=\"https:\/\/www.maluchuwieliny.pl\/wp-content\/uploads\/2020\/10\/classes-6-1024x683.jpg\" class=\"attachment-large size-large\" alt=\"\" loading=\"lazy\" srcset=\"https:\/\/www.maluchuwieliny.pl\/wp-content\/uploads\/2020\/10\/classes-6-1024x683.jpg 1024w, https:\/\/www.maluchuwieliny.pl\/wp-content\/uploads\/2020\/10\/classes-6-300x200.jpg 300w, https:\/\/www.maluchuwieliny.pl\/wp-content\/uploads\/2020\/10\/classes-6-768x512.jpg 768w, https:\/\/www.maluchuwieliny.pl\/wp-content\/uploads\/2020\/10\/classes-6.jpg 1200w\" sizes=\"(max-width: 640px) 100vw, 640px\" \/>\t\t\t\t\t\t\t\t\t\t\t<\/div>\n\t\t\t\t<\/div>\n\t\t\t\t<\/div>\n\t\t\t\t\t\t<\/div>\n\t\t\t\t\t<\/div>\n\t\t<\/div>\n\t\t\t\t\t\t\t\t<\/div>\n\t\t\t\t\t<\/div>\n\t\t<\/section>\n\t\t\t\t\t\t<\/div>\n\t\t\t\t\t<\/div>\n\t\t<\/div>\n\t\t\t\t\t\t\t\t<\/div>\n\t\t\t\t\t<\/div>\n\t\t<\/section>\n\t\t\t\t<section class=\"elementor-section elementor-top-section elementor-element elementor-element-72f91fc elementor-section-boxed elementor-section-height-default elementor-section-height-default\" data-id=\"72f91fc\" data-element_type=\"section\">\n\t\t\t\t\t\t<div class=\"elementor-container elementor-column-gap-default\">\n\t\t\t\t\t\t\t<div class=\"elementor-row\">\n\t\t\t\t\t<div class=\"elementor-column elementor-col-100 elementor-top-column elementor-element elementor-element-008de0a\" data-id=\"008de0a\" data-element_type=\"column\">\n\t\t\t<div class=\"elementor-column-wrap elementor-element-populated\">\n\t\t\t\t\t\t\t<div class=\"elementor-widget-wrap\">\n\t\t\t\t\t\t<div class=\"elementor-element elementor-element-b8875b9 elementor-widget elementor-widget-text-editor\" data-id=\"b8875b9\" data-element_type=\"widget\" data-widget_type=\"text-editor.default\">\n\t\t\t\t<div class=\"elementor-widget-container\">\n\t\t\t\t\t<div class=\"elementor-text-editor elementor-clearfix\"><table width=\"634\">\n<tbody>\n<tr>\n<td colspan=\"2\" width=\"634\">\n<p style=\"text-align: center;\"><strong>Ramowy plan dnia w przedszkolu Maluch<\/strong><\/p>\n<\/td>\n<\/tr>\n<tr>\n<td width=\"143\"><strong>07.00&nbsp;&#8211;&nbsp;08.30<\/strong><\/td>\n<td width=\"491\"><strong>W\u0142asna aktywno\u015b\u0107 dzieci, zabawy<\/strong><\/td>\n<\/tr>\n<tr>\n<td width=\"143\"><strong>08.30- 09.00<\/strong><\/td>\n<td width=\"491\"><strong>Przygotowanie do \u015bniadania<\/strong><br>\n<strong>Zabiegi higieniczne, czynno\u015bci porz\u0105dkowe<\/strong><br>\n<span style=\"text-decoration: underline;\"><strong>\u015aniadanie<\/strong><\/span><br>\n<strong>Mycie z\u0119b\u00f3w<\/strong><\/td>\n<\/tr>\n<tr>\n<td width=\"143\"><strong>&nbsp;09.00- 09.30<\/strong><\/td>\n<td width=\"491\"><strong>Zaj\u0119cia dodatkowe*<\/strong><br>\n<strong>Gimnastyka<\/strong><br>\n<strong>Zabawy przy muzyce<\/strong><\/td>\n<\/tr>\n<tr>\n<td width=\"143\"><strong>09.30 \u2013 10.00<\/strong><\/td>\n<td width=\"491\"><strong>Zabawy tematyczne<\/strong><br>\n<strong>S\u0142uchanie bajek i opowiada\u0144<\/strong><br>\n<strong>Relaksacja przy muzyce<\/strong><\/td>\n<\/tr>\n<tr>\n<td width=\"143\"><strong>10.00 \u2013 10.30<\/strong><\/td>\n<td width=\"491\"><strong>Zaj\u0119cia edukacyjne zwi\u0105zane z tematem dnia<\/strong><\/td>\n<\/tr>\n<tr>\n<td width=\"143\">\n<p style=\"text-align: left;\"><strong>10.30 &#8211; 12.00<\/strong><\/p>\n<p><strong>12.00 \u2013 12.30<\/strong><\/p><\/td>\n<td width=\"491\"><strong>Spacery, wycieczki, pobyt na placu zabaw<\/strong><br>\n<strong>Zabawy organizowane i swobodne<\/strong><strong>Przygotowanie do obiadu<\/strong><br>\n<strong>Zabiegi higieniczne, czynno\u015bci porz\u0105dkowe<\/strong><br>\n<strong><span style=\"text-decoration: underline;\">Obiad \u2013 II danie<\/span><\/strong><\/td>\n<\/tr>\n<tr>\n<td width=\"143\"><strong>12.30 &#8211; 14.00<\/strong><\/td>\n<td width=\"491\"><strong>Odpoczynek poobiedni lub drzemka<\/strong><br>\n<strong>S\u0142uchanie bajek i opowiada\u0144<\/strong><br>\n<strong>Zaj\u0119cia dodatkowe*<\/strong><br>\n<strong>Indywidualna praca z uczniami<\/strong><\/td>\n<\/tr>\n\n<tr>\n<td width=\"143\"><strong>14.00 &#8211; 14.20<\/strong><\/td>\n<td width=\"491\"><strong>Przygotowanie do drugiego dania<\/strong><br>\n<strong>Zabiegi higieniczne, czynno\u015bci porz\u0105dkowe<\/strong><br>\n<strong><span style=\"text-decoration: underline;\">Obiad \u2013 zupa<\/span><\/strong><\/td>\n<\/tr>\n<tr>\n<td width=\"143\"><strong>14.20 \u2013 15.30<\/strong><\/td>\n<td width=\"491\"><strong>Zabawy ruchowe, zabawy dowolne w sali lub na powietrzu<\/strong><br>\n<strong>Indywidualna praca z uczniami<\/strong><\/td>\n<\/tr>\n<tr>\n<td width=\"143\"><strong>15.30 &#8211; 16.00<\/strong><\/td>\n<td width=\"491\"><strong><u>Podwieczorek<\/u><\/strong><\/td>\n<\/tr>\n<tr>\n<td width=\"143\"><strong>16.00 &#8211; 17:00<\/strong><\/td>\n<td width=\"491\"><strong>W\u0142asna aktywno\u015b\u0107 dzieci w sali lub na powietrzu<\/strong><br>\n<strong>Gry i zabawy<\/strong><\/td>\n<\/tr>\n<\/tbody>\n<\/table>\n<p><strong>&nbsp;<\/strong><\/p>\n<p><strong>* Zaj\u0119cia dodatkowe to np. zabawy z j\u0119zykiem angielskim, zaj\u0119cia muzyczno- rytmiczne, artystyczne i inne zgodnie z planem.<\/strong><\/p><\/div>\n\t\t\t\t<\/div>\n\t\t\t\t<\/div>\n\t\t\t\t\t\t<\/div>\n\t\t\t\t\t<\/div>\n\t\t<\/div>\n\t\t\t\t\t\t\t\t<\/div>\n\t\t\t\t\t<\/div>\n\t\t<\/section>\n\t\t\t\t\t\t<\/div>\n\t\t\t\t\t\t<\/div>\n\t\t\t\t\t<\/div>\n\t\t","protected":false},"excerpt":{"rendered":"<p>Plan dnia Ramowy plan dnia w przedszkolu Maluch 07.00&nbsp;&#8211;&nbsp;08.30 W\u0142asna aktywno\u015b\u0107 dzieci, zabawy 08.30- 09.00 Przygotowanie do \u015bniadania Zabiegi higieniczne, czynno\u015bci porz\u0105dkowe \u015aniadanie Mycie z\u0119b\u00f3w &nbsp;09.00- 09.30 Zaj\u0119cia dodatkowe* Gimnastyka Zabawy przy muzyce 09.30 \u2013 10.00 Zabawy tematyczne S\u0142uchanie bajek i opowiada\u0144 Relaksacja przy muzyce 10.00 \u2013 10.30 Zaj\u0119cia edukacyjne zwi\u0105zane z tematem dnia 10.30 [&hellip;]<\/p>\n","protected":false},"author":1,"featured_media":0,"parent":106,"menu_order":0,"comment_status":"closed","ping_status":"closed","template":"","meta":[],"_links":{"self":[{"href":"https:\/\/www.maluchuwieliny.pl\/index.php?rest_route=\/wp\/v2\/pages\/115"}],"collection":[{"href":"https:\/\/www.maluchuwieliny.pl\/index.php?rest_route=\/wp\/v2\/pages"}],"about":[{"href":"https:\/\/www.maluchuwieliny.pl\/index.php?rest_route=\/wp\/v2\/types\/page"}],"author":[{"embeddable":true,"href":"https:\/\/www.maluchuwieliny.pl\/index.php?rest_route=\/wp\/v2\/users\/1"}],"replies":[{"embeddable":true,"href":"https:\/\/www.maluchuwieliny.pl\/index.php?rest_route=%2Fwp%2Fv2%2Fcomments&post=115"}],"version-history":[{"count":12,"href":"https:\/\/www.maluchuwieliny.pl\/index.php?rest_route=\/wp\/v2\/pages\/115\/revisions"}],"predecessor-version":[{"id":603,"href":"https:\/\/www.maluchuwieliny.pl\/index.php?rest_route=\/wp\/v2\/pages\/115\/revisions\/603"}],"up":[{"embeddable":true,"href":"https:\/\/www.maluchuwieliny.pl\/index.php?rest_route=\/wp\/v2\/pages\/106"}],"wp:attachment":[{"href":"https:\/\/www.maluchuwieliny.pl\/index.php?rest_route=%2Fwp%2Fv2%2Fmedia&parent=115"}],"curies":[{"name":"wp","href":"https:\/\/api.w.org\/{rel}","templated":true}]}}