{"id":37,"date":"2020-09-29T19:55:25","date_gmt":"2020-09-29T19:55:25","guid":{"rendered":"http:\/\/www.maluchuwieliny.pl\/?page_id=37"},"modified":"2024-07-26T06:54:08","modified_gmt":"2024-07-26T06:54:08","slug":"plan-dnia","status":"publish","type":"page","link":"https:\/\/www.maluchuwieliny.pl\/?page_id=37","title":{"rendered":"PLAN DNIA"},"content":{"rendered":"\t\t<div data-elementor-type=\"wp-page\" data-elementor-id=\"37\" class=\"elementor elementor-37\" data-elementor-settings=\"[]\">\n\t\t\t\t\t\t<div class=\"elementor-inner\">\n\t\t\t\t\t\t\t<div class=\"elementor-section-wrap\">\n\t\t\t\t\t\t\t<section class=\"elementor-section elementor-top-section elementor-element elementor-element-7b4bfaab elementor-section-boxed elementor-section-height-default elementor-section-height-default\" data-id=\"7b4bfaab\" data-element_type=\"section\">\n\t\t\t\t\t\t<div class=\"elementor-container elementor-column-gap-default\">\n\t\t\t\t\t\t\t<div class=\"elementor-row\">\n\t\t\t\t\t<div class=\"elementor-column elementor-col-100 elementor-top-column elementor-element elementor-element-7600814d\" data-id=\"7600814d\" data-element_type=\"column\">\n\t\t\t<div class=\"elementor-column-wrap elementor-element-populated\">\n\t\t\t\t\t\t\t<div class=\"elementor-widget-wrap\">\n\t\t\t\t\t\t<section class=\"elementor-section elementor-inner-section elementor-element elementor-element-9be4414 elementor-section-boxed elementor-section-height-default elementor-section-height-default\" data-id=\"9be4414\" data-element_type=\"section\">\n\t\t\t\t\t\t<div class=\"elementor-container elementor-column-gap-default\">\n\t\t\t\t\t\t\t<div class=\"elementor-row\">\n\t\t\t\t\t<div class=\"elementor-column elementor-col-50 elementor-inner-column elementor-element elementor-element-d088bd8\" data-id=\"d088bd8\" data-element_type=\"column\">\n\t\t\t<div class=\"elementor-column-wrap elementor-element-populated\">\n\t\t\t\t\t\t\t<div class=\"elementor-widget-wrap\">\n\t\t\t\t\t\t<div class=\"elementor-element elementor-element-9439ebb elementor-widget elementor-widget-heading\" data-id=\"9439ebb\" data-element_type=\"widget\" data-widget_type=\"heading.default\">\n\t\t\t\t<div class=\"elementor-widget-container\">\n\t\t\t<h2 class=\"elementor-heading-title elementor-size-default\">Plan dnia<\/h2>\t\t<\/div>\n\t\t\t\t<\/div>\n\t\t\t\t\t\t<\/div>\n\t\t\t\t\t<\/div>\n\t\t<\/div>\n\t\t\t\t<div class=\"elementor-column elementor-col-50 elementor-inner-column elementor-element elementor-element-8868f90\" data-id=\"8868f90\" data-element_type=\"column\">\n\t\t\t<div class=\"elementor-column-wrap elementor-element-populated\">\n\t\t\t\t\t\t\t<div class=\"elementor-widget-wrap\">\n\t\t\t\t\t\t<div class=\"elementor-element elementor-element-f0904a6 elementor-invisible elementor-widget elementor-widget-image\" data-id=\"f0904a6\" data-element_type=\"widget\" data-settings=\"{&quot;_animation&quot;:&quot;bounce&quot;}\" data-widget_type=\"image.default\">\n\t\t\t\t<div class=\"elementor-widget-container\">\n\t\t\t\t\t<div class=\"elementor-image\">\n\t\t\t\t\t\t\t\t\t\t<img width=\"640\" height=\"300\" src=\"https:\/\/www.maluchuwieliny.pl\/wp-content\/uploads\/2020\/10\/programs-bg-title-1024x480.jpg\" class=\"attachment-large size-large\" alt=\"\" loading=\"lazy\" srcset=\"https:\/\/www.maluchuwieliny.pl\/wp-content\/uploads\/2020\/10\/programs-bg-title-1024x480.jpg 1024w, https:\/\/www.maluchuwieliny.pl\/wp-content\/uploads\/2020\/10\/programs-bg-title-300x141.jpg 300w, https:\/\/www.maluchuwieliny.pl\/wp-content\/uploads\/2020\/10\/programs-bg-title-768x360.jpg 768w, https:\/\/www.maluchuwieliny.pl\/wp-content\/uploads\/2020\/10\/programs-bg-title-1536x720.jpg 1536w, https:\/\/www.maluchuwieliny.pl\/wp-content\/uploads\/2020\/10\/programs-bg-title.jpg 1920w\" sizes=\"(max-width: 640px) 100vw, 640px\" \/>\t\t\t\t\t\t\t\t\t\t\t<\/div>\n\t\t\t\t<\/div>\n\t\t\t\t<\/div>\n\t\t\t\t\t\t<\/div>\n\t\t\t\t\t<\/div>\n\t\t<\/div>\n\t\t\t\t\t\t\t\t<\/div>\n\t\t\t\t\t<\/div>\n\t\t<\/section>\n\t\t\t\t<div class=\"elementor-element elementor-element-3039c894 elementor-widget elementor-widget-text-editor\" data-id=\"3039c894\" data-element_type=\"widget\" data-widget_type=\"text-editor.default\">\n\t\t\t\t<div class=\"elementor-widget-container\">\n\t\t\t\t\t<div class=\"elementor-text-editor elementor-clearfix\"><p><!-- wp:table --><\/p>\n<figure class=\"wp-block-table\">\n<table style=\"height: 1383px;\" width=\"645\">\n<tbody>\n<tr>\n<td colspan=\"2\" width=\"644\">\n<p><strong>Plan dnia w \u017c\u0142obku Maluch<\/strong><\/p>\n<\/td>\n<\/tr>\n<tr>\n<td width=\"133\">\n<p><strong>07.00\u00a0&#8211;\u00a008.20<\/strong><\/p>\n<\/td>\n<td width=\"510\">\n<p><strong>Po\u017cegnanie z rodzicami i przywitanie ze \u017c\u0142obkiem<\/strong><br \/><strong>W\u0142asna aktywno\u015b\u0107 dzieci, zabawy<\/strong><br \/><strong>Gimnastyka<\/strong><\/p>\n<\/td>\n<\/tr>\n<tr>\n<td width=\"133\">\n<p><strong>08.20\u00a0&#8211;\u00a008.30<\/strong><\/p>\n<\/td>\n<td width=\"510\">\n<p><strong>Przygotowanie do \u015bniadania<\/strong><br \/><strong>Zabiegi higieniczne, czynno\u015bci porz\u0105dkowe <\/strong><\/p>\n<\/td>\n<\/tr>\n<tr>\n<td width=\"133\">\n<p><strong>08.30\u00a0&#8211;\u00a009.00<\/strong><\/p>\n<\/td>\n<td width=\"510\">\n<p><strong><u>\u015aniadanie<\/u><\/strong><\/p>\n<\/td>\n<\/tr>\n<tr>\n<td width=\"133\">\n<p><strong>09.00- 09.10<\/strong><\/p>\n<\/td>\n<td width=\"510\">\n<p><strong>Wdra\u017canie do samodzielnego wykonywania czynno\u015bci higienicznych<\/strong><\/p>\n<p><strong>Mycie z\u0119b\u00f3w<\/strong><\/p>\n<\/td>\n<\/tr>\n<tr>\n<td width=\"133\">\n<p><strong>09.10\u00a0\u2013 10.00<\/strong><\/p>\n<\/td>\n<td width=\"510\">\n<p><strong>Zabawy edukacyjne zwi\u0105zane z tematem dnia<\/strong><\/p>\n<p><strong>W\u0142asna aktywno\u015b\u0107 dzieci<\/strong><\/p>\n<p><strong>Zaj\u0119cia dodatkowe*<\/strong><\/p>\n<\/td>\n<\/tr>\n<tr>\n<td width=\"133\">\n<p><strong>10.00\u00a0-11.20<\/strong><\/p>\n<\/td>\n<td width=\"510\">\n<p><strong>Spacery, wycieczki oraz pobyt na placu zabaw<\/strong><\/p>\n<p><strong>Zabawy organizowane i swobodne<\/strong><\/p>\n<\/td>\n<\/tr>\n<tr>\n<td width=\"133\">\n<p><strong>11.20\u00a0&#8211;\u00a011.30<\/strong><\/p>\n<\/td>\n<td width=\"510\">\n<p><strong>Przygotowanie do obiadu<\/strong><\/p>\n<p><strong>Zabiegi higieniczne, czynno\u015bci porz\u0105dkowe<\/strong><\/p>\n<\/td>\n<\/tr>\n<tr>\n<td width=\"133\">\n<p><strong>11.30\u00a0&#8211;\u00a012.00<\/strong><\/p>\n<\/td>\n<td width=\"510\">\n<p><strong><u>Obiad \u2013 II danie<\/u><\/strong><\/p>\n<\/td>\n<\/tr>\n<tr>\n<td width=\"133\">\n<p><strong>12.00\u00a0&#8211;\u00a014.00<\/strong><\/p>\n<\/td>\n<td width=\"510\">\n<p><strong>Przygotowanie do odpoczynku\u00a0<\/strong><\/p>\n<p><strong> Odpoczynek poobiedni- drzemka\u00a0<\/strong><\/p>\n<p><strong> S\u0142uchanie bajek i opowiada\u0144 <\/strong><\/p>\n<p><strong>Relaksacja przy muzyce<\/strong><\/p>\n<\/td>\n<\/tr>\n<tr>\n<td width=\"133\">\n<p>\u00a0<\/p>\n<\/td>\n<td width=\"510\">\n<p><strong>Przygotowanie do drugiego dania<\/strong><br \/><strong>Zabiegi higieniczne, czynno\u015bci porz\u0105dkowe<\/strong><\/p>\n<\/td>\n<\/tr>\n<tr>\n<td width=\"133\">\n<p><strong>14.00 \u2013 14.20<\/strong><\/p>\n<\/td>\n<td width=\"510\">\n<p><strong><u>Obiad \u2013 zupa<\/u><\/strong><\/p>\n<\/td>\n<\/tr>\n<tr>\n<td width=\"133\">\n<p><strong>14.20 \u2013 15.30<\/strong><\/p>\n<\/td>\n<td width=\"510\">\n<p><strong>Zabawy ruchowe, zabawy dowolne w sali lub na powietrzu<\/strong><\/p>\n<\/td>\n<\/tr>\n<tr>\n<td width=\"133\">\n<p><strong>15.30 &#8211; 16.00<\/strong><\/p>\n<\/td>\n<td width=\"510\">\n<p><strong><u>Podwieczorek<\/u><\/strong><\/p>\n<\/td>\n<\/tr>\n<tr>\n<td width=\"133\">\n<p><strong>16.00- 17:00<\/strong><\/p>\n<\/td>\n<td width=\"510\">\n<p><strong>W\u0142asna aktywno\u015b\u0107 dzieci w sali lub na powietrzu<\/strong><\/p>\n<\/td>\n<\/tr>\n<\/tbody>\n<\/table>\n<\/figure>\n<p><strong><!-- \/wp:table --><!-- wp:paragraph --><\/strong><\/p>\n<p><strong>* Zaj\u0119cia dodatkowe to np. zabawy z j\u0119zykiem angielskim, zaj\u0119cia muzyczno- rytmiczne, inne zgodnie z planem.<\/strong><\/p>\n<p><strong><!-- \/wp:paragraph --><!-- wp:paragraph --><\/strong><\/p>\n<p><strong>**Grupa dzieci m\u0142odszych (do ok.16-18m) jest prowadzona innym trybem, z uwzgl\u0119dnieniem indywidualnych p\u00f3r spania i jedzenia dzieci. Maluszki w miar\u0119 ich indywidualnych mo\u017cliwo\u015bci w\u0142\u0105czaj\u0105 si\u0119 w rytm i zaj\u0119cia starszak\u00f3w.<\/strong><\/p>\n<p><strong><!-- \/wp:paragraph --><!-- wp:paragraph --><\/strong><\/p>\n<p><strong>\u00a0*** W ci\u0105gu ca\u0142ego dnia czas g\u0142\u00f3wnie po\u015bwi\u0119camy na nauk\u0119 podstawowych czynno\u015bci i zachowa\u0144, takich jak siadanie na nocnik i toalet\u0119, cz\u0119ste mycie r\u0105k, nauka samodzielnego jedzenia, komunikowanie w\u0142asnych potrzeb, nauka sprz\u0105tania po zabawie i inne.<\/strong><\/p>\n<p><!-- \/wp:paragraph --><\/p><\/div>\n\t\t\t\t<\/div>\n\t\t\t\t<\/div>\n\t\t\t\t\t\t<\/div>\n\t\t\t\t\t<\/div>\n\t\t<\/div>\n\t\t\t\t\t\t\t\t<\/div>\n\t\t\t\t\t<\/div>\n\t\t<\/section>\n\t\t\t\t\t\t<\/div>\n\t\t\t\t\t\t<\/div>\n\t\t\t\t\t<\/div>\n\t\t","protected":false},"excerpt":{"rendered":"<p>Plan dnia Plan dnia w \u017c\u0142obku Maluch 07.00\u00a0&#8211;\u00a008.20 Po\u017cegnanie z rodzicami i przywitanie ze \u017c\u0142obkiemW\u0142asna aktywno\u015b\u0107 dzieci, zabawyGimnastyka 08.20\u00a0&#8211;\u00a008.30 Przygotowanie do \u015bniadaniaZabiegi higieniczne, czynno\u015bci porz\u0105dkowe 08.30\u00a0&#8211;\u00a009.00 \u015aniadanie 09.00- 09.10 Wdra\u017canie do samodzielnego wykonywania czynno\u015bci higienicznych Mycie z\u0119b\u00f3w 09.10\u00a0\u2013 10.00 Zabawy edukacyjne zwi\u0105zane z tematem dnia W\u0142asna aktywno\u015b\u0107 dzieci Zaj\u0119cia dodatkowe* 10.00\u00a0-11.20 Spacery, wycieczki oraz pobyt [&hellip;]<\/p>\n","protected":false},"author":1,"featured_media":0,"parent":95,"menu_order":0,"comment_status":"closed","ping_status":"closed","template":"","meta":[],"_links":{"self":[{"href":"https:\/\/www.maluchuwieliny.pl\/index.php?rest_route=\/wp\/v2\/pages\/37"}],"collection":[{"href":"https:\/\/www.maluchuwieliny.pl\/index.php?rest_route=\/wp\/v2\/pages"}],"about":[{"href":"https:\/\/www.maluchuwieliny.pl\/index.php?rest_route=\/wp\/v2\/types\/page"}],"author":[{"embeddable":true,"href":"https:\/\/www.maluchuwieliny.pl\/index.php?rest_route=\/wp\/v2\/users\/1"}],"replies":[{"embeddable":true,"href":"https:\/\/www.maluchuwieliny.pl\/index.php?rest_route=%2Fwp%2Fv2%2Fcomments&post=37"}],"version-history":[{"count":8,"href":"https:\/\/www.maluchuwieliny.pl\/index.php?rest_route=\/wp\/v2\/pages\/37\/revisions"}],"predecessor-version":[{"id":573,"href":"https:\/\/www.maluchuwieliny.pl\/index.php?rest_route=\/wp\/v2\/pages\/37\/revisions\/573"}],"up":[{"embeddable":true,"href":"https:\/\/www.maluchuwieliny.pl\/index.php?rest_route=\/wp\/v2\/pages\/95"}],"wp:attachment":[{"href":"https:\/\/www.maluchuwieliny.pl\/index.php?rest_route=%2Fwp%2Fv2%2Fmedia&parent=37"}],"curies":[{"name":"wp","href":"https:\/\/api.w.org\/{rel}","templated":true}]}}